et l be 21/6*2/1. Let c = 14 - l. Let j(w) = w**2 - 5*w - 10. What are the prime factors of j(c)?
2
Let s(t) = -19*t - 1. Let z = 1 - -1. Suppose -4*p + 3 = -l + 10, 3*p + 8 = -z*l. What are the prime factors of s(l)?
2, 3
Let d be (4/6)/(2/(-6)). Let o be -1*(d + -1) - 2. What are the prime factors of o - (-10 + (4 - 2))?
3
Suppose 3*r - 11 = -2*g - 1, -3*g + 9 = 3*r. Suppose u + 4*v = 4*u - 12, r*u + 4*v = 16. Suppose 4*i - 14 = x, -5*i - x + 30 = u*x. List the prime factors of i.
2
Let f(w) = 2*w**2 - 5*w - 2. Let d be f(-5). Suppose -3*g + 84 = -4*u - g, -3*u + 4*g = d. Let a = u - -35. What are the prime factors of a?
2
Let i be (-36)/30*(-5)/2. Suppose -i*f = -11 - 19. What are the prime factors of f?
2, 5
Suppose 2*k = 5*k - 60. List the prime factors of k.
2, 5
Let n(u) = u**2 - 2*u + 6. List the prime factors of n(6).
2, 3, 5
Let f(d) = -d**3 - d**2 + d + 17. Let a be f(0). Suppose -h + 12 = -4*z - 2, -4*h + 3*z + a = 0. What are the prime factors of h?
2
Suppose -3*v - 2*u + 198 = 70, v - 2*u - 32 = 0. List the prime factors of v.
2, 5
Let u = 4 + 36. Suppose -f = 12 - u. List the prime factors of f.
2, 7
Let g = -13 + 97. Let j = g + -43. List the prime factors of j.
41
Let g(j) be the second derivative of -j**5/20 - 4*j**4/3 - 19*j**3/6 - 10*j**2 - 7*j. What are the prime factors of g(-15)?
2, 5
Suppose -2*u - 2*u = 0. Suppose -w + u*w = -25. What are the prime factors of w?
5
Suppose 0 = -2*j + 2*x + 122, 2*x + x = 0. Suppose -4*m = k - 50, -4*m + 9*m - j = -2*k. List the prime factors of m.
13
Let w = -7 - -4. Let a = w - -9. List the prime factors of a.
2, 3
Let x be 2*(-1)/((-4)/50). Suppose -3*l + 4*w = -37 + 5, -5*w - x = 0. Suppose 3*o + l - 22 = 0. List the prime factors of o.
2, 3
Let z be (-1 + 2)/((-4)/(-20)). Suppose 5*j - g - 36 = 44, -2*j - z*g = -32. What are the prime factors of j?
2
Suppose -17 = -21*m + 46. Let o be 3/1 + 1/(-1). Suppose r - 5*p - 2 - o = 0, 3*r - 12 = -m*p. What are the prime factors of r?
2
Let i be 15/6 + 1/2. Let m(y) = y**2 + y - 4. Let z be m(i). What are the prime factors of z/(2/4 - 0)?
2
Suppose -130 = 2*r - 7*r. What are the prime factors of 9/(-3) + 1*r?
23
Let j be (1 + 75)*10/(-4). What are the prime factors of j/(-4) + (-1)/2?
47
Let q = 87 + -54. Let o be q/5 - (-18)/45. Suppose -3*b = 2*f - o, 9*b - 4*b - 4*f = 41. List the prime factors of b.
5
Let h(y) = -y + 7. Let l be h(5). Suppose -l*t - 3*b = -9, 5*b + 61 = 7*t - 4*t. Suppose 3*a + 4*r - 29 = 0, -r = a + 4 - t. What are the prime factors of a?
3
Let u be 4*-4 + 0/1. Let c = 26 + u. What are the prime factors of c?
2, 5
Suppose -5*i = -13*i + 2800. What are the prime factors of i?
2, 5, 7
What are the prime factors of -4*-1*8 - 4?
2, 7
Let q be 3/2*16/(-12). List the prime factors of q/4 - 22/(-4).
5
Let h(m) = 5*m**2 + 2*m - 1. Let c be h(-2). Suppose -4*l + 0*o + o = -18, -c = -5*l + 5*o. What are the prime factors of l?
5
Let v be 22/6 + 3/9. Suppose 8 = -b - v*k - 1, -2*b = -2*k - 22. What are the prime factors of b?
7
Suppose b - 22 = -v - b, 4*v - 115 = b. Let i = v + -7. Suppose 0 = 2*f + f - i. List the prime factors of f.
7
Let s(u) = 6. Let f(b) = -b + 1. Let l(z) = -5*f(z) + s(z). Let h(i) = -6*i - 2. Let v(r) = -4*h(r) - 5*l(r). What are the prime factors of v(-4)?
7
Let u be 144/(-30)*20/(-6). Suppose 0*v - m - 20 = -2*v, -4*m = 4*v - u. What are the prime factors of v?
2
Let a(x) = -16*x**3 + x**2 - x. Let o be a(1). Let b = o + 32. Let y = b + -10. What are the prime factors of y?
2, 3
Suppose -4*k + 2*c = -660, -k - 6*c + 7*c + 167 = 0. List the prime factors of k.
163
Suppose 25 = 8*c - 3*c. Suppose -20 + 0 = -c*y. Suppose -y*s + l + 1 = -21, -3*s + 17 = -l. List the prime factors of s.
5
Suppose -5*g + 5*o = -365, -4*g + 280 = o + o. What are the prime factors of g?
71
Suppose 5*d = 8 + 12. Suppose 0 = -3*q + d*q - 52. List the prime factors of q.
2, 13
Suppose 2*b - 172 = -2*b. List the prime factors of b.
43
What are the prime factors of ((-156)/(-20))/(1/15)?
3, 13
Suppose -40 + 128 = b - 3*c, -352 = -4*b + c. List the prime factors of b.
2, 11
Let p = 55 + 10. What are the prime factors of p?
5, 13
Let l = 56 + -8. What are the prime factors of l?
2, 3
Let o be (0 + 18/(-15))*5. Let k = o - -19. What are the prime factors of k?
13
Suppose 0*s - 288 = -4*s. List the prime factors of s.
2, 3
Suppose -3*p + 128 = 4*d, 5*d - 4*p - 183 = 8. List the prime factors of d.
5, 7
Let r(p) = -2*p + 4. Let n(j) = 7*j - 11. Let m(z) = 4*n(z) + 11*r(z). Let y be m(3). Let v = y + -11. What are the prime factors of v?
7
Let s = 4 + -2. Let c = s - -2. Suppose -5*q = -3*q - c. What are the prime factors of q?
2
Suppose 8 = -9*i + 11*i. Suppose -4*p - d = -197, p + 3*d - 11 = 30. Suppose p = i*m - 22. List the prime factors of m.
2, 3
Let q(s) = s - 6. Let h be q(8). Suppose -1 = -h*g + 3. Suppose -g*c = -c - 16. List the prime factors of c.
2
Let a(q) = 4*q + 0 - 3*q**2 + 5*q**2 - 4*q**3 + 1 + 3*q**3. What are the prime factors of a(-3)?
2, 17
Suppose -m - 1 = 5. Let k = m - -8. Suppose -2*p + 6*n - 2*n = -14, 22 = k*p + 4*n. List the prime factors of p.
3
Suppose 3*j + 2*o + 4 - 8 = 0, -5*o = 5*j. Suppose j*f - d - 9 = 28, -2*d = 4*f - 46. Let k = f - -10. What are the prime factors of k?
2, 5
Suppose 0*p + p = 15. Suppose -2*q = -2*x + 7*x - 33, -5*x - p = 0. Suppose -6*m + 5*m + 2*c + 8 = 0, 3*m = 3*c + q. What are the prime factors of m?
2
List the prime factors of ((-3)/(-12) - 2)*-8.
2, 7
Let k(a) = -a**2 + 5*a - 2. Let g be k(6). Let v = 41 + -23. List the prime factors of (v/g)/((-3)/8).
2, 3
Let l = 80 + -36. What are the prime factors of l?
2, 11
Let k(n) = -5*n + 0 + 2 + 3 + 3 + n**2. List the prime factors of k(6).
2, 7
Let o(r) = -r**3 + 7*r**2 - 2. Let w be o(7). What are the prime factors of (-3)/(-1 - w) + 8?
5
List the prime factors of 18/(-45) + 177/5.
5, 7
Let u(q) = q**3 - 6*q**2 - 5. Let h be u(6). Let r = h - -3. List the prime factors of (-21)/((-1)/(r/(-3))).
2, 7
Let z = 3 + -3. Let w be (3/(-6) - z)*0. Suppose -f + 0*f + 4 = w. List the prime factors of f.
2
Let u(q) = q**2 - 6*q + 6. Let b be u(6). What are the prime factors of ((-99)/(-22))/(b/40)?
2, 3, 5
Let m = 140 - 79. List the prime factors of m.
61
Suppose 0 = 5*x - 180 + 10. Let n = x + -6. What are the prime factors of n?
2, 7
Let s be 1 - 0 - (-3 + -3). Let n(b) = b**3 - 8*b**2 + 8*b + 4. List the prime factors of n(s).
11
Let s(g) = g**3 + 4*g**2 + 2*g. Let d be s(-3). Suppose 3*y - 8*y - 4 = d*k, 0 = -5*y - 4*k - 2. List the prime factors of 11 + (2 - 0) + y.
11
Let o(l) be the first derivative of -l**5/60 + 7*l**4/24 + 5*l**3/6 - 3*l**2/2 - 1. Let a(j) be the second derivative of o(j). List the prime factors of a(5).
3, 5
Suppose 5*h - 2*p - 19 = 0, -4*p = 3*h - 6*p - 13. Let k be (h/2)/((-15)/(-20)). List the prime factors of k/(-6) + (-19)/(-3).
2, 3
Suppose 0 = 2*k + 34 - 54. List the prime factors of k.
2, 5
What are the prime factors of (-4)/((-5)/(-15)*-1)?
2, 3
Let i = 18 - 10. Suppose -n = 3*n - i. Suppose 13 = 4*j + 4*z - 11, j + n*z = 4. List the prime factors of j.
2
Suppose 14*q = 13*q + 33. Suppose a + 2*c = q, 3*a = c + 23 + 55. List the prime factors of a.
3
Suppose 5*f - 4*f + 10 = -h, -2*f + 5*h = 20. Let b = -2 - 5. Let t = b - f. What are the prime factors of t?
3
Let i(t) = t**2 + 3*t + 1. Let v(z) = -2*z**2 - 7*z - 2. Let r(f) = -7*i(f) - 4*v(f). Let s be r(-8). Suppose -2*k = k - s. List the prime factors of k.
3
Let x(n) be the first derivative of n**4/4 - 8*n**3/3 - 7*n**2/2 - n + 1. Let u be x(9). Let z = u + -10. List the prime factors of z.
7
Suppose -164 = -5*s + 3*s. Suppose -3*x = -s - 29. List the prime factors of x.
37
Let t be 25/(-2)*12/(-10). Suppose -4*g + t = -g. Suppose h = -0*h + g*b + 17, b = h - 5. List the prime factors of h.
2
Let j be ((-8)/6)/(2/(-3)). Let l(v) = -9*v**2 + 5*v + 2. Let f(g) = 10*g**2 - 4*g - 1. Let k(w) = j*l(w) + 3*f(w). List the prime factors of k(1).
11
Suppose 0*h + 91 = -2*h + 5*n, 2*n - 10 = 0. Suppose -5*g - 4*s + s = 119, -2*s = 5*g + 116. Let v = g - h. List the prime factors of v.
11
Suppose w - 3*w + 58 = -2*y, 0 = -3*w - 3*y + 63. List the prime factors of w.
5
Let y = -2 - -16. List the prime factors of y.
2, 7
Let u(a) = -a**2 - 7*a - 6. Let m be u(-7